s the greatest common divisor of 1938 and 342?
114
What is the highest common factor of 6 and 6?
6
What is the highest common divisor of 720 and 220?
20
What is the highest common divisor of 22 and 8074?
22
Calculate the greatest common factor of 72 and 56.
8
What is the highest common divisor of 44 and 110?
22
What is the highest common divisor of 2533 and 17?
17
Calculate the greatest common divisor of 45 and 5385.
15
Calculate the highest common divisor of 1562 and 142.
142
What is the greatest common factor of 1083 and 228?
57
What is the highest common factor of 308 and 10934?
154
Calculate the greatest common factor of 8734 and 22.
22
Calculate the highest common factor of 8301 and 3.
3
What is the highest common factor of 52 and 13663?
13
Calculate the greatest common divisor of 1725 and 92.
23
What is the greatest common factor of 364 and 58786?
182
Calculate the greatest common divisor of 15 and 3315.
15
Calculate the greatest common divisor of 33 and 77.
11
Calculate the greatest common divisor of 2769 and 26.
13
Calculate the highest common factor of 481 and 518.
37
Calculate the highest common divisor of 68951 and 382.
191
Calculate the highest common factor of 4671 and 27.
27
What is the greatest common factor of 1027 and 316?
79
Calculate the greatest common divisor of 105 and 280.
35
What is the greatest common factor of 7046 and 52?
26
What is the highest common factor of 4600 and 138?
46
Calculate the greatest common factor of 31 and 713.
31
Calculate the greatest common factor of 3888 and 12.
12
What is the highest common divisor of 935 and 255?
85
What is the greatest common factor of 13 and 10881?
13
Calculate the greatest common factor of 1302 and 210.
42
Calculate the highest common divisor of 16220 and 10.
10
What is the highest common factor of 80 and 6380?
20
Calculate the highest common factor of 343 and 119.
7
What is the greatest common factor of 1316 and 2068?
188
Calculate the greatest common factor of 11 and 1375.
11
What is the highest common factor of 2967 and 516?
129
What is the highest common divisor of 153 and 255?
51
Calculate the greatest common divisor of 41 and 451.
41
What is the highest common factor of 2117 and 73?
73
Calculate the highest common divisor of 1189 and 779.
41
What is the greatest common factor of 37575 and 75?
75
What is the highest common factor of 63 and 927?
9
Calculate the highest common factor of 342 and 1053.
9
Calculate the highest common divisor of 15 and 210.
15
Calculate the greatest common divisor of 5 and 2.
1
What is the greatest common divisor of 280 and 600?
40
Calculate the highest common divisor of 13332 and 36.
12
Calculate the greatest common divisor of 19 and 6403.
19
Calculate the highest common factor of 143 and 44.
11
Calculate the highest common divisor of 47 and 141.
47
What is the highest common divisor of 17 and 17?
17
What is the highest common factor of 65 and 5?
5
What is the greatest common factor of 10 and 130?
10
Calculate the greatest common divisor of 10 and 30.
10
What is the highest common divisor of 203 and 145?
29
What is the highest common divisor of 20 and 20?
20
What is the greatest common factor of 45 and 5?
5
What is the highest common divisor of 355 and 15?
5
What is the highest common divisor of 245 and 5?
5
Calculate the highest common factor of 901 and 53.
53
Calculate the greatest common divisor of 155 and 9145.
155
What is the highest common factor of 96 and 1080?
24
What is the greatest common factor of 6 and 114?
6
What is the highest common factor of 28 and 996?
4
Calculate the highest common factor of 186 and 36642.
186
What is the highest common divisor of 50 and 70?
10
What is the greatest common factor of 18 and 14922?
18
What is the greatest common divisor of 230 and 46?
46
Calculate the greatest common factor of 84 and 273.
21
Calculate the greatest common divisor of 236 and 8.
4
What is the greatest common factor of 75 and 100?
25
What is the highest common factor of 96 and 2608?
16
What is the greatest common divisor of 3 and 696?
3
Calculate the highest common divisor of 4615 and 65.
65
Calculate the greatest common factor of 4356 and 1584.
396
Calculate the highest common factor of 1127 and 736.
23
Calculate the greatest common factor of 5 and 125.
5
Calculate the greatest common divisor of 4080 and 480.
240
What is the highest common divisor of 3040 and 209?
19
What is the highest common factor of 276 and 23?
23
Calculate the highest common divisor of 515 and 103.
103
What is the highest common divisor of 25 and 575?
25
What is the highest common divisor of 72 and 180?
36
What is the greatest common divisor of 9 and 9?
9
Calculate the highest common divisor of 18 and 576.
18
What is the greatest common factor of 48 and 1352?
8
What is the highest common divisor of 925 and 175?
25
Calculate the greatest common factor of 24 and 6.
6
Calculate the highest common factor of 130 and 12610.
130
Calculate the highest common factor of 2 and 31.
1
Calculate the greatest common divisor of 16 and 104.
8
Calculate the highest common factor of 498 and 5312.
166
What is the greatest common divisor of 2673 and 33?
33
Calculate the greatest common divisor of 26 and 754.
26
Calculate the greatest common divisor of 118 and 1593.
59
What is the greatest common factor of 35 and 305?
5
What is the greatest common divisor of 248 and 93?
31
Calculate the greatest common divisor of 1027 and 39.
13
Calculate the greatest common factor of 198 and 6567.
33
What is the greatest common factor of 49 and 637?
49
Calculate the greatest common factor of 94 and 235.
47
Calculate the highest common factor of 15 and 405.
15
What is the highest common divisor of 2899 and 13?
13
Calculate the highest common factor of 106 and 106.
106
What is the greatest common factor of 311 and 1?
1
What is the highest common divisor of 27 and 207?
9
Calculate the greatest common divisor of 896 and 119.
7
What is the greatest common divisor of 248 and 2573?
31
Calculate the greatest common divisor of 210 and 30.
30
Calculate the highest common factor of 11368 and 203.
203
Calculate the highest common divisor of 18 and 1008.
18
What is the highest common divisor of 7180 and 40?
20
Calculate the greatest common divisor of 3 and 76.
1
Calculate the highest common factor of 8556 and 4092.
372
What is the greatest common divisor of 15 and 16080?
15
What is the greatest common divisor of 80 and 15?
5
Calculate the highest common factor of 77 and 224.
7
Calculate the highest common divisor of 989 and 172.
43
What is the greatest common factor of 16 and 108?
4
What is the greatest common factor of 2416 and 48?
16
Calculate the highest common factor of 114 and 47538.
114
Calculate the highest common divisor of 1053 and 81.
81
Calculate the highest common factor of 561 and 102.
51
What is the greatest common factor of 245 and 280?
35
Calculate the highest common factor of 6744 and 24.
24
What is the highest common factor of 250 and 170?
10
Calculate the greatest common factor of 80 and 5.
5
Calculate the greatest common factor of 136 and 612.
68
Calculate the highest common divisor of 141 and 658.
47
What is the greatest common divisor of 22 and 56078?
22
What is the greatest common factor of 579 and 6?
3
What is the highest common divisor of 1715 and 175?
35
Calculate the greatest common divisor of 94 and 2.
2
Calculate the greatest common divisor of 18 and 1074.
6
Calculate the greatest common factor of 8441 and 23.
23
Calculate the highest common divisor of 30 and 7665.
15
Calculate the greatest common divisor of 4 and 348.
4
What is the highest common divisor of 14694 and 186?
186
Calculate the greatest common factor of 27 and 30.
3
Calculate the highest common divisor of 3352 and 8.
8
What is the highest common factor of 94 and 1363?
47
Calculate the greatest common divisor of 303 and 24.
3
Calculate the greatest common factor of 126 and 90.
18
What is the greatest common factor of 420 and 396?
12
Calculate the greatest common divisor of 206 and 206.
206
What is the highest common factor of 855 and 2185?
95
What is the greatest common divisor of 45 and 915?
15
Calculate the highest common divisor of 14 and 24206.
14
What is the highest common factor of 870 and 120?
30
What is 